j(l) = -1071*l + 49540. Calculate j(48).
-1868
Let p(a) = -733*a + 109222. Determine p(149).
5
Let o(x) = -9*x**2 + 223*x + 1482. Calculate o(-6).
-180
Let u(j) = -2*j**2 + 557*j - 37467. Calculate u(115).
138
Let c(k) = -9*k**3 - 292*k**2 + 899*k + 5. Give c(3).
-169
Let r(v) = 16613*v - 166144. Give r(10).
-14
Let t(j) = -7*j**3 + 336*j**2 + 345*j + 360. Give t(49).
458
Let o(h) = -126*h - 14655. What is o(-136)?
2481
Let s(x) = 390*x - 1232. What is s(6)?
1108
Let y(f) = -8127*f + 24392. Give y(3).
11
Let z(w) = 1944064*w - 42769411. Give z(22).
-3
Let a(o) = 11*o**3 - 112*o**2 - 262*o + 3413. What is a(9)?
2
Let h(k) = -1954*k - 152565. Determine h(-78).
-153
Let d(m) = -23*m**2 + 970*m - 16451. Determine d(17).
-6608
Let x(t) = -5*t**2 + 133*t + 10066. What is x(60)?
46
Let r(x) = 1602*x**2 + 1603*x + 6. Calculate r(-1).
5
Let h(m) = m**3 - 134*m**2 + 1760*m + 1359. Give h(119).
-1616
Let m(d) = -4*d**2 + 391*d - 624. What is m(96)?
48
Let a(r) = 179*r - 118. Give a(4).
598
Let d(p) = 509*p**2 + 845*p + 4. Calculate d(-2).
350
Let q(l) = -l**3 - 222*l**2 - 1004*l - 1030. Give q(-3).
11
Let l(g) = 994417*g + 9944190. What is l(-10)?
20
Let n(y) = -782*y - 48426. Give n(-61).
-724
Let k(l) = -3*l**3 - 336*l**2 + 331*l - 1886. Determine k(-113).
-982
Let b(o) = -293*o - 149743. What is b(-511)?
-20
Let h(p) = 1554*p + 194311. What is h(-125)?
61
Let u(y) = -1607*y - 13398. What is u(-8)?
-542
Let i(m) = 823*m + 97930. Determine i(-119).
-7
Let p(k) = -12*k**2 - 3769*k - 8018. Determine p(-312).
-218
Let m(s) = 17605*s + 4225206. What is m(-240)?
6
Let o(a) = 37*a**2 - 517*a + 98. What is o(14)?
112
Let i(n) = -10*n**2 + 716*n + 5488. Determine i(-7).
-14
Let l(o) = 3*o**2 + 10365*o - 62201. What is l(6)?
97
Let p(d) = -9*d**2 + 40*d + 456. What is p(-16)?
-2488
Let f(b) = -286*b + 17244. Determine f(62).
-488
Let b(a) = 29*a**2 - 3223*a + 463. Determine b(111).
19
Let q(c) = -4319*c + 500979. Determine q(116).
-25
Let g(i) = -450*i + 69787. Give g(155).
37
Let r(h) = -133976*h + 535932. What is r(4)?
28
Let v(d) = -5*d**3 + 74*d**2 - 194*d - 210. Calculate v(3).
-261
Let r(i) = -i**3 + 43*i**2 + 302*i - 2943. Calculate r(48).
33
Let o(c) = -c**2 - 143*c + 10129. Give o(46).
1435
Let l(s) = 525*s**2 - 80*s - 179. Calculate l(-2).
2081
Let l(m) = m**3 + 6263*m**2 + 43783*m - 30. Give l(-7).
33
Let q(p) = -81*p**2 + 4411*p + 2420. Give q(55).
0
Let f(o) = 4*o**2 + 2*o - 593. Determine f(29).
2829
Let i(g) = 29*g**2 - 186*g + 206. Give i(5).
1
Let b(k) = -k**3 + 192*k**2 + 406*k - 3518. What is b(194)?
-26
Let g(x) = 687252*x - 4123541. Give g(6).
-29
Let g(s) = -4*s**3 - 17*s**2 - 278*s - 1900. Give g(-7).
585
Let p(t) = 2*t**3 + 43*t**2 - 77*t - 1292. What is p(-22)?
-82
Let o(c) = 1314*c - 124804. What is o(95)?
26
Let u(t) = 153*t**2 - 38863*t + 259. Give u(254).
5
Let p(j) = j**3 - 149*j**2 - 2806*j - 1013. Give p(166).
1643
Let b(m) = -m**2 + 421*m - 23129. What is b(65)?
11
Let x(d) = 342*d**2 - 300959*d - 932. Give x(880).
-52
Let y(f) = 2290*f + 196453. Determine y(-86).
-487
Let r(l) = -629*l + 12537. What is r(20)?
-43
Let d(n) = -4*n**3 - 159*n**2 - 124*n + 69. Give d(-39).
342
Let n(w) = 28*w**2 - 2910*w + 72. Give n(104).
280
Let r(f) = 69*f**3 + 12*f**2 + 78*f + 107. Determine r(-3).
-1882
Let x(i) = 9*i**3 + 1785*i**2 + 599*i + 186. Calculate x(-198).
-804
Let m(g) = 620*g + 14269. Give m(-23).
9
Let n(y) = 28208*y - 253859. What is n(9)?
13
Let x(r) = 341*r**2 - 516*r + 181. Give x(1).
6
Let o(v) = -8*v**2 + 7140*v - 149637. Determine o(871).
175
Let z(n) = n**2 + 2819*n + 11245. Give z(-4).
-15
Let k(a) = a**2 + 45*a - 521. Give k(9).
-35
Let b(w) = -40*w**3 + 2159*w**2 + 41*w - 183. Calculate b(54).
-885
Let i(l) = -23252*l**2 + 2*l + 24. What is i(0)?
24
Let s(d) = 39*d + 2294. What is s(-54)?
188
Let b(l) = -3*l**3 - 87*l**2 - 111*l - 745. Give b(-28).
11
Let h(o) = -o**2 - 2360*o - 78802. Determine h(-34).
282
Let u(w) = 171830*w + 1546500. Calculate u(-9).
30
Let w(x) = -39*x - 6982. Determine w(-173).
-235
Let f(y) = -3*y**3 - 248*y**2 - 4188*y + 6035. What is f(-58)?
3
Let m(c) = -c**3 + 403*c**2 - 4316*c + 1762. Determine m(392).
194
Let z(s) = -3909*s + 23585. Give z(6).
131
Let i(z) = 17*z**3 - 1887*z**2 - 116*z + 12871. Give i(111).
-5
Let v(j) = 10*j**3 - 3606*j**2 - 5071*j + 1086. What is v(362)?
0
Let o(l) = -l**3 + 40*l**2 - 426*l + 76. Give o(17).
-519
Let n(r) = r**2 - 1828*r + 36564. What is n(20)?
404
Let o(j) = -40*j**2 - 553*j - 1192. Determine o(-6).
686
Let t(x) = -89*x**2 - 96*x - 231. Give t(-2).
-395
Let j(t) = 78*t**3 + 17*t**2 + 104*t + 160. Determine j(-3).
-2105
Let m(g) = -g**2 + 64*g + 454. Calculate m(60).
694
Let b(h) = -27214*h + 190481. Determine b(7).
-17
Let w(l) = -9*l**2 - 83*l + 1012. Give w(16).
-2620
Let g(h) = h**2 + 507*h + 64316. What is g(-248)?
84
Let m(v) = -v**2 - 17719*v - 3139663. Determine m(-179).
-3
Let n(u) = 544*u - 3587. Determine n(7).
221
Let c(y) = -816*y - 118224. Determine c(-148).
2544
Let s(a) = 9*a**3 - 101*a**2 + 24*a - 155. Calculate s(11).
-133
Let t(v) = -517809*v - 2589046. Determine t(-5).
-1
Let m(r) = 465*r + 147512. Give m(-317).
107
Let m(q) = 3*q**3 + 73*q**2 - 12*q + 136. Give m(-25).
-814
Let u(k) = -2*k**3 - 63*k**2 + 43*k + 364. Calculate u(-32).
12
Let u(z) = 2*z**3 - 367*z**2 + 543*z + 596. Calculate u(182).
50
Let q(g) = 224*g**3 + g**2 - 37*g - 39. Give q(-1).
-225
Let y(z) = -74165*z - 148279. Determine y(-2).
51
Let y(v) = 13666*v - 13728. Calculate y(1).
-62
Let x(f) = 2486*f + 35353. What is x(-14)?
549
Let q(a) = a**3 - 35*a**2 - 501*a + 2229. Give q(45).
-66
Let l(h) = -h**2 + 5618*h + 106935. What is l(-19)?
-168
Let j(r) = 19*r**3 - 4*r**2 - 159*r + 608. Calculate j(4).
1124
Let n(m) = -m**2 + 792*m + 18691. Give n(-23).
-54
Let n(q) = -3*q**2 - 71*q + 156. Give n(-32).
-644
Let c(x) = 67643*x - 8523017. What is c(126)?
1
Let m(y) = -16*y**3 + 112*y**2 + 116*y - 604. What is m(7)?
208
Let y(k) = 168722*k - 5399066. Calculate y(32).
38
Let w(i) = 11*i**2 + 2747*i + 16083. Give w(-6).
-3
Let d(l) = -4598*l + 4470. Calculate d(1).
-128
Let h(s) = -s**2 + 70*s + 2056. Calculate h(-22).
32
Let b(v) = 26*v**2 + 230*v - 9414. Determine b(-24).
42
Let d(q) = 2*q**3 + 5*q**2 + 3038*q - 32823. What is d(10)?
57
Let a(x) = 34*x**2 + 1353*x - 275. Determine a(-40).
5
Let s(w) = w**2 + 159*w - 11078. Calculate s(49).
-886
Let g(o) = -58278*o + 233130. Calculate g(4).
18
Let k(g) = -g**3 - 112*g**2 + 473*g + 1201. Give k(-116).
157
Let f(p) = -200*p**2 - 3205*p - 96. Calculate f(-16).
-16
Let t(p) = -p**3 - 87*p**2 - 1504*p + 673. Calculate t(-63).
169
Let w(d) = -2907*d**2 + 5815*d - 3. Give w(2).
-1
Let q(n) = 11728*n - 656860. Determine q(56).
-92
Let u(w) = 24*w**2 - 300*w + 421. Determine u(11).
25
Let n(k) = -k**2 - 8484*k + 85099. Calculate n(10).
159
Let n(z) = -19569*z - 489222. Determine n(-25).
3
Let u(h) = 562687*h + 2250783. Give u(-4).
35
Let f(x) = -46*x**3 - x**2 - 47*x + 95. Give f(2).
-371
Let f(v) = 8*v**2 + 4579*v - 13763. Calculate f(3).
46
Let j(h) = 1283*h + 99869. What is j(-76)?
2361
Let w(b) = -2*b**2 - 557*b + 16777. Give w(-306).
-53
Let z(b) = -11*b**3 + 3901*b**2 - 2425*b - 18760. What is z(354)?
2
Let p(j) = 7*j**2 + 3479*j - 50078. What is p(-511)?
0
Let c(s) = s**3 - 24*s**2 - 443*s - 279. Calculate c(-10).
751
Let n(i) = 15*i**3 + 7*i**2 + 76497*i + 76498. Give n(-1).
-7
Let j(z) = -115*z + 1935. Calculate j(17).
-20
Let t(v) = -31*v**2 + 57*v + 59. Give t(-1).
-29
Let r(c) = 2*c**2 - 4078*c - 78209. Calculate r(-19).
-5
Let g(j) = -2142*j + 130680. Calculate g(61).
18
Let t(u) = 1253*u + 1161. What is t(-1)?
-92
Let o(v) = v**3 + 50*v**2 + 80*v + 498. What is o(-48)?
1266
Let a(i) = 28*i**3 - 4*i**2 + 21*i + 156. Calculate a(-4).
-1784
Let y(a) = 2*a**3 + 37*a**2 - 285*a + 234. Determine y(5).
-16
Let s(w) = 39077*w - 5548939. Determine s(142).
-5
Let m(f) = -28203*f + 169209. Calculate m(6).
-9
Let n(c) = -7*c**2 - 10322*c + 30978. Calculate n(3).
-51
Let c(n) = -1252*n**2 - 7538*n + 11. Give c(-6).
167
Let y(h) = 42*h**2 + 3860*h + 23211. Determine y(-6).
1563
Let j(r) = 2*r**2 - 601*r - 8331. Calculate j(-13).
-180
Let x(q) = -39*q**3 - 17*q**2 - 24*q + 7. Determine x(-2).
299
Let l(o) = 205*o**2 - 288*o - 3